 4*p**2 - 6*p - 13. Let v be w(4). Let b be 5/(-1) - (-9)/v*0. Give u(b).
1
Let a = 26195 - 26211. Let k(u) = -4*u + 45. Calculate k(a).
109
Let j(i) = -2*i - 3. Let h = 59 + -48. Let k be ((-7)/(-4 + h))/((-1)/15). Suppose 8*g - k*g - 28 = 0. Give j(g).
5
Let a(q) = q**2 + 6*q - 30. Let h be 1/((-16)/144*1). Calculate a(h).
-3
Let m(b) be the first derivative of -b**4/4 - 20*b**3/3 + 19*b**2/2 - 39*b + 22. Let u be m(-21). Let h(l) = l**2 - l + 1. Calculate h(u).
7
Let q(g) = 5 - 3*g**2 + 4*g**2 + 0 - 2*g + 10*g + 3*g. Suppose f - 2*f + 5*y = -19, -4*f + 4*y = -28. Suppose -h = -f*h - 18. Calculate q(h).
-25
Let i be -5*(2255/(-165) + 16/6). Let x(a) = -a**2 + 46*a + 506. Calculate x(i).
11
Let k(f) be the first derivative of 5/2*f**2 + 198 + f - 1/3*f**3. Give k(6).
-5
Let i(q) = -q**2 + 8*q + 12. Let x be i(8). Let s(m) = x*m + 9*m - 27*m + 5*m - 2. Give s(7).
-9
Suppose -8*h + 3*h = -4*j - 26, -4*j = -2*h + 20. Let b(y) = 4 - 48*y**2 + y**3 + 16*y**h - 6*y + 13*y**2 + 14*y**2. Let c be 4/10 - 28/(-5). What is b(c)?
4
Let l(j) = 2*j + 14. Suppose 3*k - 2*i - 16 = 0, -11 = k + 4*i + 7. Let x be (k/(-4)*2)/(13/104). What is l(x)?
-2
Suppose 9 = 2*c + 13. Let i be (c + 5 + -1)*3. Let t(r) be the third derivative of r**6/120 - 7*r**5/60 + 5*r**4/24 - r**3/6 - r**2. Determine t(i).
-7
Let y(d) = -4*d**3 + 199*d**2 + 86*d - 28. Let z(q) = -q**3 + 55*q**2 + 29*q - 9. Let b(p) = -2*y(p) + 7*z(p). Determine b(4).
-27
Let l(c) be the second derivative of -c**3 + 25*c**2/2 - 96*c + 1. Determine l(4).
1
Let k(c) = c**2 - 109*c + 1169. Let l be k(97). Let y(q) = -q**3 + 9*q**2 + 2*q - 1. What is y(l)?
109
Let b(z) = 4*z - 39*z - 35 - z**2 + 15*z. Give b(-18).
1
Let d(x) = -x**2 - 10*x - 10. Let k be (9/18)/((-2)/28). Let i be d(k). Let u(z) = z**2 - 10*z - 6. What is u(i)?
5
Let p(b) be the first derivative of 49*b**4/4 + 2*b**2 + 4*b - 20. Give p(-1).
-49
Suppose -71 - 27 = -7*f. Let y(k) = -k**3 + 14*k**2 - 3*k + 45. Let p be y(f). Let s(j) be the first derivative of j**3/3 + j**2 - 3*j + 1. Give s(p).
12
Suppose 4*c + 54*g = 55*g + 3, -5*g = -2*c - 21. Let o(u) be the third derivative of 0*u - 1/24*u**4 - u**c + 0 - 4/3*u**3. Determine o(-9).
1
Suppose 54 = 5*w - 11. Suppose -2*a = 5*b - 10, 5*b + w + 7 = 4*a. Suppose z - 5 - 1 = b. Let l(i) = -2*i + 2. Give l(z).
-10
Let m be (5 + -6)/(-2 - 13/(-6)). Let j be 0/(3*2/m). Suppose j = c + 2*t - 7, 5*t = 3*c + 5 + 7. Let o(y) = -17*y + 1. What is o(c)?
-16
Suppose 5*z - 5*t + 25 = 0, -3*z + 11 = 3*t + 32. Let k(g) = g + 3. Let b be k(z). Let n(y) = -11*y - 3. What is n(b)?
30
Let m(h) be the first derivative of h**4/4 - h**3/3 - h**2/2 - 64*h + 1095. What is m(0)?
-64
Suppose 0 = 4*y - 2*b - 23 + 1, -13*y = b - 19. Let f(z) be the third derivative of -11*z**y + 0*z + 0 - 1/3*z**3 - 1/8*z**4. Calculate f(6).
-20
Let y(m) = -152*m**2 + 77*m**2 + m**3 + 3*m + 78*m**2. Let j be 1*(0 + 1) + -3. Give y(j).
-2
Let k = 169 - 151. Let x be (k - 8)/5*(-1)/2. Let u(i) be the third derivative of -i**6/15 + i**5/30 + i**4/24 + i**2. What is u(x)?
9
Suppose -3*n + 5*h - 48 = 2*h, -4*h = n + 41. Let a be 12/n - (-469)/49. Suppose -3*s - 25 = 4*c + 2*s, c = -4*s - a. Let k(i) = -i - 3. Calculate k(c).
2
Let r(l) = 19*l - 126*l**2 + 182*l**2 - 37 - 9 - 57*l**2. What is r(15)?
14
Let g(j) = -56*j - 435. Let v(x) = 1131*x + 6778. Let b be v(-6). Give g(b).
13
Let m(p) = -391*p - 18. Let n(k) = -1433*k - 73. Let b(x) = 22*m(x) - 6*n(x). What is b(-14)?
98
Let l(u) = 4*u**2 + u + 3. Let z(b) = -b. Let j(t) = -l(t) + 5*z(t). Calculate j(-3).
-21
Let r(v) = -2*v**2 + 7*v + 5. Let s = -361 - -374. Suppose -s*g + 234 - 156 = 0. Calculate r(g).
-25
Let w(l) = l**2 - 14*l - 2. Suppose 11*u + 15078 = 15243. Determine w(u).
13
Let j(g) = g**3 - 5*g**2 - 31*g + 54. Let k(p) = p**2 - 19*p - 174. Let t be k(-7). Calculate j(t).
-2
Let h be (-4)/3*99/(-44). Suppose -4*m + 3*p - p = -12, h*p = 3*m - 3. Let l(q) = q**3 - 5*q**2 - q + 6. Determine l(m).
1
Let p(q) be the third derivative of -q**4/3 - q**3/6 - 1495*q**2. Let a = 4 + -3. Give p(a).
-9
Let y(t) = t + t - 2 + t. Let z = -73941 + 73937. Determine y(z).
-14
Let x(m) = -6*m + 26. Let d be 108/144 + (-34)/(-8). Let k(j) = 5*j - 24. Let p(l) = d*k(l) + 4*x(l). Give p(10).
-6
Let i(t) be the first derivative of -t**4/4 + 7*t**3/3 + t**2/2 - 5*t + 8. Let x be i(7). Let j(n) = -9*n + 12*n - 4 + n**3 - 7*n + 4*n**x. What is j(-5)?
-9
Let y(i) = -i + 25. Suppose 1644 = 197*t + 214*t. Determine y(t).
21
Let p(h) = -h**3 + 4*h**2 - 5*h. Suppose -5*c - 4*f = f, 3*c + 4 = -5*f. Determine p(c).
-2
Let i(y) = -2*y**2 + 2. Suppose 6 + 9 = 3*m, x + 21 = 3*m. Let s be 3/(-7) - x*7/98. Calculate i(s).
2
Let f(t) = -8*t + 7. Let c(o) = 121*o + 1697. Let h be c(-14). Give f(h).
-17
Let n(s) be the second derivative of 0 + 0*s**2 + 7/6*s**3 + 15*s. Determine n(-1).
-7
Let u = 5 - 11. Let s(a) be the first derivative of -a**3/3 - 9*a**2/2 - 8*a - 9575. Calculate s(u).
10
Let t(v) = 2*v - 4. Let x(n) = -n**2 + 9*n + 7. Suppose -26 = -8*i + 14. Suppose 7*b - 6*b = i*d - 55, -5*d + 70 = -4*b. Let q be x(d). Give t(q).
-10
Let n(f) = 4*f**2 - 54*f - 12. Let t(l) = 2*l**2 - 32*l - 7. Let r(u) = 3*n(u) - 5*t(u). What is r(3)?
11
Let p(z) be the first derivative of 3*z**3 + 2*z**2 - 2*z - 4240. Give p(-1).
3
Suppose 0 = -2*l - 10. Let q(x) = -5*x - 5. Let f(m) = 5*m + 4. Let i(y) = l*f(y) - 4*q(y). Suppose -7020 = 40*p - 7060. Give i(p).
-5
Let z(w) = w**3. Let c(l) = 5*l**3 + 3*l**2 + 2*l. Let d(k) = c(k) - 4*z(k). Let v be (2 - 18/8)/(63/504). Calculate d(v).
0
Let q(x) = -2*x + 9. Let d be q(7). Let j(h) = -17*h**2 - 12*h - 2. Let b(y) = -13*y**2 - 9*y. Let s(f) = -4*b(f) + 3*j(f). Calculate s(d).
19
Suppose -8 = -4*i, -10*i + 7*i + 135 = x. Let n(k) = x*k**2 - 250*k**2 - 9 + 122*k**2. What is n(3)?
0
Let o(z) = -2*z**3 + 3*z**2 + 4. Let t be (-3)/(-2) - (-296)/16. Let s = 23 - t. Determine o(s).
-23
Suppose 5*u - 6*a = 74, 7*a - 5*a + 46 = 3*u. Let b(t) = t**2 - 17*t + 7. What is b(u)?
-9
Let a(r) = -15*r + 3. Let h be (-5*(-16)/(-100))/((-2)/5). Suppose 0 = 2*g - 2*o, 14 = 3*g + h*o + 2*o. Calculate a(g).
-27
Let y(s) = -24*s - 3. Let g be y(1). Let k(v) = -2*v**2 - 52*v + 51. Let a be k(g). Let j(l) = -2*l**3 - 7*l**2 - 4*l - 2. Calculate j(a).
1
Let k(s) = s**2 + 10*s - 16. Suppose 3*c = 2*d - 120, 4*d - 199 - 41 = -3*c. Let p be (8/(-5))/(8/d). Calculate k(p).
8
Let u(s) be the first derivative of s**3/3 + s**2 + s + 4155. Suppose i + i + 24 = 0. Let n = i - -6. Calculate u(n).
25
Let f = -27 + 38. Let q(w) = 5*w - 1638. Let g(c) = 2*c - 699. Let r(b) = 7*g(b) - 3*q(b). Give r(f).
10
Let q = 3310 - 3307. Let a(i) = -10*i**2 + 5*i - 6. Calculate a(q).
-81
Let a = -123 - -118. Let q(o) = 2*o + 3. Let r(w) = -3*w - 4. Let z(p) = -8*q(p) - 7*r(p). Calculate z(a).
-21
Let v(l) = 20*l**2 - 3*l. Let q(x) = 60*x**2 + 4*x + 10. Let h(d) = 20*d**2 + d + 3. Let u(s) = -10*h(s) + 3*q(s). Let o(b) = -4*u(b) - 3*v(b). Calculate o(-1).
19
Let v(l) = l + 2. Let g(f) = -1. Let i(h) = 3*g(h) - v(h). Let w be -11*(4/14)/(4/14). Let x = 6 + w. What is i(x)?
0
Suppose 5*o + 26 = 6*o. Let w(h) = -21*h - 12*h + o*h. Suppose -5*p - 1 = -t, 0*t + 3*t - 4*p = 3. Give w(t).
-7
Suppose 0 = k - 1, 3*s + 4*k = -0*s + 13. Let x(i) = -3*i + 6*i**2 + 15 - i**s + i - 8. Let v = -6 + 12. Calculate x(v).
-5
Let m(c) = -6*c + 5. Let t be 5/(-30)*(188/(-10) + 24/30). What is m(t)?
-13
Let o = -7482 + 7482. Let z(h) be the second derivative of -13/2*h**2 - 1/3*h**3 + o + 2*h. Calculate z(-9).
5
Suppose 6*q + 132 - 168 = 0. Let h(a) = -4*a**2 + 23*a - 15. Let b(m) = -2*m**2 + 11*m - 7. Let g(l) = 5*b(l) - 2*h(l). What is g(q)?
-23
Let j(r) = -7*r**3 - r**2 - 10. Let s be j(-3). Let n(m) = 6*m - s - 2*m + 167 + 0*m. Suppose -7 = -t - 5*v, -7 = -t - 4*v - 1. Give n(t).
5
Let u(b) = -27*b - 173. Let l = -10602 - -10596. Give u(l).
-11
Let b(k) = k - 38. Suppose 109*n + 22 = 4*f + 108*n, -f + 5*n - 4 = 0. Give b(f).
-32
Let n(l) be the third derivative of 1/2*l**3 - 1/60*l**6 + 0*l**4 + 1/15*l**5 + 0 - 20*l**2 + l. Let b(t) = -t**2 + 14*t - 10. Let s be b(13). What is n(s)?
-15
Let r(i) = -i + 8. Let a be 0 - (-292)/14 - (-678)/(-791). Suppose a*q = -46 - 74. Give r(q).
14
Let b = 14323 - 14319. Let d(s) = 5*s**2 - 21*s + 7. What is d(b